541 + 115?
-425
In base 3, what is -210100111 - 102?
-210100220
In base 15, what is -91 - 13ac?
-144d
In base 11, what is 209 + -11?
1a8
In base 3, what is -2021220 - 1120?
-2100110
In base 4, what is -12 + 101231211?
101231133
In base 4, what is 2021101302 - -11?
2021101313
In base 4, what is -1 - -313001122?
313001121
In base 9, what is 1668 + -100?
1568
In base 14, what is -276 + -a53?
-cc9
In base 16, what is -135 + -13f?
-274
In base 6, what is -3 - 14312031?
-14312034
In base 7, what is 63264316 + -4?
63264312
In base 2, what is 10010111001000 - -110?
10010111001110
In base 13, what is -16 - -4698?
4682
In base 13, what is -a0300 + 1?
-a02cc
In base 3, what is -211002220 + 210?
-211002010
In base 15, what is 4 + a4bc?
a4c1
In base 16, what is 11e6 + 0?
11e6
In base 12, what is -147 + 415b?
4014
In base 12, what is -1ab - -909?
71a
In base 16, what is 79 - -b4?
12d
In base 4, what is 122 + -2201202?
-2201020
In base 14, what is -1 - 5a7d?
-5a80
In base 3, what is -10 + -1001210122?
-1001210202
In base 14, what is 1b + -869?
-84c
In base 3, what is -2 - -1112022012?
1112022010
In base 3, what is -22210 - 20010?
-112220
In base 15, what is -365a7 - -2?
-365a5
In base 16, what is ff3 - 7?
fec
In base 11, what is -5766 + 2?
-5764
In base 15, what is 9e5 - -5b?
a51
In base 7, what is 33 - -33036?
33102
In base 13, what is -3c - 2130?
-216c
In base 6, what is 1 - 53114?
-53113
In base 15, what is 0 - -1505?
1505
In base 14, what is 1308 + 3?
130b
In base 14, what is -12d7d - d?
-12d8c
In base 16, what is 47f1 + -11?
47e0
In base 10, what is -4547 - -587?
-3960
In base 4, what is 10300 - -31?
10331
In base 11, what is 197 + 146?
332
In base 6, what is -230 + 13120?
12450
In base 16, what is 494 - -121?
5b5
In base 11, what is -1 + 11292?
11291
In base 11, what is 13608 + -20?
13598
In base 3, what is 1000000 - -202220?
1202220
In base 3, what is 11212122 - 12?
11212110
In base 16, what is a6e + 88?
af6
In base 6, what is -301523 - -5?
-301514
In base 15, what is 4d2 + 7c?
55e
In base 13, what is -a11a + -62?
-a17c
In base 10, what is 9 + 1367?
1376
In base 8, what is 70 - 532?
-442
In base 4, what is 11 + 103031302?
103031313
In base 8, what is -4 + -7004064?
-7004070
In base 14, what is 16 + -1321?
-1309
In base 11, what is 172 - 12a?
43
In base 11, what is -a6 - -17470?
17375
In base 14, what is 71a11 - 8?
71a07
In base 4, what is -2003 + 230032?
222023
In base 15, what is 7d - -17c2?
1850
In base 15, what is -12edec + -4?
-12ee01
In base 16, what is -6 + -dff1?
-dff7
In base 15, what is -1337 - 1e?
-1356
In base 7, what is 13130016 - 0?
13130016
In base 3, what is 121200121112 + -21?
121200121021
In base 8, what is -16001 - -1?
-16000
In base 10, what is -1 - 33483?
-33484
In base 6, what is 5 + -10245333?
-10245324
In base 16, what is -107c - 1b?
-1097
In base 11, what is 13 - 27a90?
-27a78
In base 10, what is -9583 + -18?
-9601
In base 15, what is 2b - c80?
-c54
In base 11, what is 85a - -35?
894
In base 10, what is -3 - 11790?
-11793
In base 7, what is -523156 - 14?
-523203
In base 13, what is 4 + 267c31?
267c35
In base 5, what is 2 - 220130324?
-220130322
In base 10, what is 97 - -2943?
3040
In base 6, what is 1230 - 54?
1132
In base 13, what is 1870 - 1c6?
1677
In base 9, what is 42584 - -5?
42600
In base 14, what is 411 + -141?
2b0
In base 8, what is 127303 + -5?
127276
In base 13, what is -1c5b - 50?
-1cab
In base 16, what is 537 + -3b?
4fc
In base 12, what is -155 - 463?
-5b8
In base 14, what is 171 + 7?
178
In base 14, what is -53893 + 5?
-5388c
In base 9, what is 371 + 172?
553
In base 14, what is -1819a4 - 2?
-1819a6
In base 12, what is -4 + 321a?
3216
In base 15, what is -192c - -32?
-18ea
In base 4, what is -12123330 + -2?
-12123332
In base 16, what is -27d + -25c?
-4d9
In base 6, what is -3322255 - -3?
-3322252
In base 12, what is 180 + -16?
166
In base 3, what is -2 + -1112011022?
-1112011101
In base 5, what is 2 - -120044011?
120044013
In base 4, what is -32303321 - -3?
-32303312
In base 7, what is 114 - 104353?
-104236
In base 5, what is 3 - 4130102?
-4130044
In base 5, what is -10 + -240411?
-240421
In base 14, what is 5 + -2c52?
-2c4b
In base 14, what is -17cd - -1b3?
-161a
In base 13, what is -aa6 - 8bb?
-1694
In base 5, what is -14131 - -3?
-14123
In base 11, what is 1 - 85789?
-85788
In base 5, what is -103221 + -103?
-103324
In base 6, what is 140 + 1000?
1140
In base 9, what is -3643 + -40?
-3683
In base 10, what is -46430 - -8?
-46422
In base 14, what is 0 + -33bb?
-33bb
In base 6, what is -1 - 222413?
-222414
In base 5, what is 2434203412 - -1?
2434203413
In base 8, what is -301525 - 1?
-301526
In base 3, what is -201 + -20111222?
-20112200
In base 15, what is 132b - -c1?
13ec
In base 3, what is -110101101202001 + -1?
-110101101202002
In base 6, what is 4441 + -11032?
-2151
In base 12, what is -135659 + -3?
-135660
In base 14, what is -12 + -2619?
-262b
In base 10, what is 257794 - 2?
257792
In base 6, what is -134 + 305?
131
In base 12, what is 558b5b + -3?
558b58
In base 10, what is -1153 - 1188?
-2341
In base 9, what is 13440 + -2?
13437
In base 9, what is -27678 - -63?
-27615
In base 8, what is 1600 - 13?
1565
In base 10, what is 48330 - -22?
48352
In base 3, what is -112012 - 1?
-112020
In base 16, what is 24 + 3c?
60
In base 11, what is 2 - -111709?
111710
In base 11, what is 24630 + 68?
24698
In base 10, what is 4 - 115189?
-115185
In base 3, what is -1100 + -10120220111?
-10120221211
In base 10, what is -42671 - 2?
-42673
In base 7, what is 22 - -14215?
14240
In base 6, what is -2 + -105031?
-105033
In base 15, what is 44c5 + -ce?
43e6
In base 7, what is -2 - -2245203?
2245201
In base 4, what is 111103230 + 3?
111103233
In base 16, what is -227 - 6b?
-292
In base 11, what is a2 - 3459?
-3367
In base 16, what is 4 + 105dd?
105e1
In base 6, what is -115 + -125203?
-125322
In base 15, what is 32 - -3a6b?
3a9d
In base 3, what is 2 + 2200222220020?
2200222220022
In base 11, what is 9294 + 5?
9299
In base 2, what is -111000011 - 11110011001?
-100101011100
In base 7, what is -3343 - 122?
-3465
In base 12, what is -1129 + -318?
-1445
In base 13, what is -22cc1 + -8?
-22cc9
In base 4, what is 2 + 233010000?
233010002
In base 15, what is 3 - -34c0?
34c3
In base 12, what is 188 - 427?
-25b
In base 2, what is -1111111 - -1111011?
-100
In base 7, what is 13040 - 1511?
11226
In base 15, what is 4 - -b896a?
b896e
In base 16, what is 1d2 - 37?
19b
In base 14, what is 1 + 20905?
20906
In base 16, what is a58 + -1?
a57
In base 9, what is 70405 - 3?
70402
In base 7, what is -26 + -3414?
-3443
In base 3, what is 2012211 + -1001122?
1011012
In base 15, what is -6 + -6ed1?
-6ed7
In base 7, what is -4 + -5526033?
-5526040
In base 16, what is -d + -13a0?
-13ad
In base 4, what is 131223 - 3110?
122113
In base 11, what is -502 - 37?
-539
In base 15, what is -3309e4 + -4?
-3309e8
In base 14, what is -13 + -70?
-83
In base 4, what is -1 - -103103210?
103103203
In base 4, what is 103102311 - 1?
103102310
In base 10, what is 1139052 + -5?
1139047
In base 15, what is -c298 - 8?
-c2a1
In base 5, what is 103424330 + -2?
103424323
In base 10, what is -34 + -60475?
-60509
In base 9, what is -548115 - -5?
-548110
In base 14, what is -1a936 + 3?
-1a933
In base 16, what is -930 + -b?
-93b
In base 6, what is -2105 + -442?
-2551
In base 12, what is 81357 - -5?
81360
In base 2, what is 1001 - -11100010100100110?
11100010100101111
In base 13, what is -2 + -c4?
-c6
In base 11, what is -6a + -116aa?
-11769
In base 12, what is 3b8 - -3?
3bb
In base 4, what is -121130 - -1131?
-113333
In base 12, what is -16 - 356?
-370
In base 6, what is 4313321 - 1?
4313320
In base 6, what is 2 + 353235?
353241
In base 13, what is ca500 + -11?
ca4bc
In base 5, what is -1021 - 3032?
-4103
In base 5, what is -23 - 2002340?
-2002413
In base 16, what is 979 - -28?
9a1
In base 5, what is 412 - -21100?
22012
In base 3, what is 2 + -20122002020?
-20122002011
In base 11, what is -5 - 29894?
-29899
In base 4, what is 121 + -31232123?
-31232002
In base 16, what is -9cd + 0?
-9cd
In base 9, what is 34858 + -23?
34835
In base 15, what is 6 + -304c?
-3046
In base 16, what is 0 + 4a237?
4a237
In base 12, what is 1121 - 2?
111b
In base 10, what is -18 - 766?
-784
In base 8, what